673 a prime number?
True
Is 4297361 composite?
False
Is 468743071 a composite number?
True
Is 310293487 composite?
True
Is 67601629 a composite number?
False
Is 193396747 a prime number?
True
Is 1938359 prime?
True
Is 22347617 a prime number?
True
Is 37907497 prime?
False
Is 10137767 prime?
False
Is 154421159 a prime number?
True
Is 5767919 a prime number?
False
Is 1748599 a prime number?
True
Is 827969 prime?
True
Is 474435673 composite?
False
Is 3825979 prime?
True
Is 4388971 composite?
False
Is 4866469 composite?
False
Is 16446413 prime?
True
Is 166671341 a prime number?
False
Is 437444593 prime?
False
Is 5230691 prime?
True
Is 307221458 a composite number?
True
Is 139855831 composite?
True
Is 800077 prime?
True
Is 27390973 prime?
False
Is 13427003 a prime number?
True
Is 10803463 a composite number?
True
Is 2219309 prime?
True
Is 451918101 prime?
False
Is 37132217 composite?
False
Is 122193893 a composite number?
True
Is 1575674 a composite number?
True
Is 71356573 composite?
True
Is 8569141 a prime number?
False
Is 231854393 composite?
True
Is 17081333 a prime number?
True
Is 23185 prime?
False
Is 1893877 prime?
True
Is 94361 a composite number?
True
Is 3141163 prime?
True
Is 5517371 a prime number?
True
Is 128710987 composite?
True
Is 4387433 a prime number?
False
Is 10519567 a prime number?
False
Is 291397103 prime?
True
Is 80003449 composite?
False
Is 77927693 composite?
True
Is 65633363 a composite number?
False
Is 39024719 composite?
True
Is 3222011 composite?
True
Is 3439477 a prime number?
True
Is 1152419 composite?
False
Is 11246357 a composite number?
False
Is 1012032061 prime?
True
Is 6243031 a prime number?
False
Is 12880501 a prime number?
True
Is 45442277 a prime number?
True
Is 3826481 a prime number?
True
Is 1148437 a composite number?
False
Is 5087419 a composite number?
False
Is 5444729 prime?
True
Is 468994633 composite?
True
Is 62006653 a composite number?
False
Is 16808695 a prime number?
False
Is 3051655 a composite number?
True
Is 12116879 composite?
True
Is 165367 a composite number?
False
Is 337474043 composite?
False
Is 9937141 a composite number?
False
Is 600487471 composite?
False
Is 4558937 a composite number?
True
Is 70569787 a composite number?
False
Is 24569201 a prime number?
True
Is 86621387 composite?
False
Is 190858961 a prime number?
False
Is 35272829 prime?
False
Is 17068757 a prime number?
False
Is 28965203 a prime number?
True
Is 4195357 prime?
True
Is 45438661 prime?
True
Is 608207 composite?
False
Is 201968401 prime?
True
Is 35067329 a prime number?
False
Is 1103818 prime?
False
Is 1279332089 a prime number?
False
Is 6294397 a prime number?
False
Is 58519898 composite?
True
Is 10742437 prime?
True
Is 9886115 composite?
True
Is 20026121 prime?
True
Is 1147829 a composite number?
True
Is 4842493 a composite number?
False
Is 149478611 composite?
False
Is 1131847 composite?
True
Is 21484499 prime?
False
Is 763931 composite?
True
Is 9363769 a composite number?
False
Is 128116711 a prime number?
False
Is 29835439 composite?
True
Is 208503107 a composite number?
False
Is 15258619 composite?
True
Is 28735871 a prime number?
True
Is 17633377 a prime number?
True
Is 4571579 prime?
True
Is 7059371 prime?
False
Is 109013 a prime number?
True
Is 2337067 prime?
True
Is 21042419 a composite number?
False
Is 13171867 prime?
False
Is 4229003 a prime number?
True
Is 7562687 a prime number?
False
Is 171996997 a prime number?
False
Is 37909709 a prime number?
True
Is 264760413 prime?
False
Is 7802429 a prime number?
False
Is 78164159 prime?
True
Is 1294099 prime?
False
Is 38659801 a composite number?
True
Is 1468387 prime?
True
Is 506003 a prime number?
False
Is 18645863 a composite number?
False
Is 34120354 composite?
True
Is 1463351 a prime number?
False
Is 315830113 a prime number?
False
Is 24481951 a composite number?
True
Is 86202493 a composite number?
True
Is 118913183 prime?
True
Is 32907751 a prime number?
True
Is 9137641 a prime number?
True
Is 12636103 prime?
True
Is 128843241 a prime number?
False
Is 59639777 a prime number?
True
Is 4004657 a composite number?
True
Is 43368197 composite?
True
Is 40679251 a composite number?
True
Is 95311 a composite number?
False
Is 18526081 a composite number?
True
Is 419 a prime number?
True
Is 23683813 a prime number?
False
Is 1447487 prime?
True
Is 90109535 a composite number?
True
Is 595481 a composite number?
False
Is 19974221 prime?
True
Is 67560929 prime?
True
Is 2884109 composite?
False
Is 484465 a composite number?
True
Is 774451 a composite number?
True
Is 753737 composite?
False
Is 136689535 a composite number?
True
Is 59455457 prime?
True
Is 203083553 a composite number?
False
Is 153578141 a composite number?
False
Is 5270917 a prime number?
False
Is 1184369 a composite number?
False
Is 1036283 composite?
True
Is 45362829 a prime number?
False
Is 3941723 composite?
True
Is 64022953 a composite number?
False
Is 46247314 a prime number?
False
Is 1115857 prime?
True
Is 4644097 composite?
False
Is 6671165 composite?
True
Is 164842007 a prime number?
False
Is 1063991 a prime number?
False
Is 133192159 a prime number?
True
Is 6939038 composite?
True
Is 265833415 prime?
False
Is 13353719 prime?
True
Is 33466985 prime?
False
Is 849829 prime?
True
Is 156551207 composite?
True
Is 22110913 prime?
False
Is 4589939 composite?
True
Is 31783603 a composite number?
False
Is 31307747 prime?
True
Is 3630521 composite?
False
Is 207747179 composite?
True
Is 30519829 a prime number?
False
Is 1382242 prime?
False
Is 37510931 a prime number?
True
Is 76071903 a composite number?
True
Is 37957439 a prime number?
False
Is 188571979 a prime number?
False
Is 374583991 a prime number?
True
Is 8848319 a prime number?
False
Is 65339 composite?
True
Is 162604753 a prime number?
True
Is 388526315 a composite number?
True
Is 2676365 a prime number?
False
Is 1603573 a composite number?
False
Is 2679541 prime?
True
Is 37635905 prime?
False
Is 11725117 composite?
True
Is 18453653 composite?
True
Is 284218993 a composite number?
True
Is 654763 composite?
True
Is 312770371 composite?
False
Is 234776567 prime?
False
Is 16287443 a composite number?
False
Is 7994753 a prime number?
False
Is 7213051 a composite number?
True
Is 5172493 a composite number?
True
Is 2610785 prime?
False
Is 20533567 prime?
False
Is 1013263 prime?
True
Is 443934551 composite?
False
Is 23840759 a composite number?
False
Is 31168433 a prime number?
True
Is 411991 composite?
False
Is 164783 composite?
True
Is 89576287 composite?
False
Is 54159193 prime?
False
Is 1965703 prime?
False
Is 7603333 prime?
True
Is 620486 composite?
True
Is 151663861 composite?
True
Is 10070121 prime?
False
Is 5186099 composite?
True
Is 818087 composite?
True
Is 51113087 composite?
False
Is 994295 a prime number?
False
Is 66450041 a prime number?
False
Is 3262939 prime?
False
Is 110096885 a composite number?
True
Is 430383217 a prime number?
False
Is 10663027 composite?
False
Is 18723871 a prime number?
True
Is 115805962 composite?
True
Is 15978673 a composite number?
False
Is 94125505 prime?
False
Is 1723109 composite?
False
Is 15204307 a prime number?
False
Is 581335765 composite?
True
Is 1302089 composite?
True
Is 3164158 prime?
False
Is 4143739 a composite number?
True
Is 1937231 composite?
True
Is 28308041 a prime number?
False
Is 68268535 a prime number?
False
Is 21927847 composite?
False
Is 14048371 prime?
True
Is 441131 prime?
False
Is 472547 prime?
False
Is 2994527 composite?
False
Is 750707 composite?
False
Is 45267179 composite?
False
Is 17213 a composite number?
True
Is 4533359 prime?
False
Is 1118629 prime?
True
Is 174966913 a prime number?
False
Is 14229733 a prime number?
False
Is 7883249 prime?
False
Is 27450377 a composite number?
False
Is 98946457 a prime number?
True
Is 24417949 a prime number?
False
Is 260311 a prime number?
False
Is 1021058 composite?
True
Is 1496461919 prime?
True
Is 3711373 a prime number?
False
Is 1019873 composite?
False
Is 510805 a composite number?
True
Is 39016963 a composite number?
True
Is 3767063 prime?
True
Is 12310073 a prime number?
True
Is 4707569 a composite number?
False
Is 536909 a prime number?
True
Is 17920517 composite?
False
Is 2077417 a prime number?
False
Is 119604659 composite?
True
Is